1157?
89
What is the highest common factor of 598 and 2584322?
26
Calculate the greatest common divisor of 7949040 and 108735.
165
Calculate the greatest common divisor of 18 and 4893543.
9
Calculate the highest common factor of 1113530 and 8109530.
5830
What is the highest common factor of 4859858 and 152?
38
What is the greatest common divisor of 534166233 and 282?
141
What is the highest common divisor of 266820 and 3390?
30
Calculate the highest common divisor of 8633409 and 477.
3
Calculate the greatest common factor of 2146825437 and 151.
151
Calculate the greatest common divisor of 56400 and 880310.
470
Calculate the greatest common factor of 258 and 950300.
86
Calculate the greatest common divisor of 8126302 and 3292.
1646
What is the highest common divisor of 19 and 403980128?
19
Calculate the highest common divisor of 908715561 and 117.
39
What is the highest common divisor of 88065 and 68590?
95
Calculate the greatest common factor of 318120 and 113388.
132
Calculate the highest common factor of 14252577 and 2712.
339
Calculate the greatest common divisor of 61650 and 2171450.
6850
Calculate the greatest common divisor of 5298 and 162.
6
What is the highest common factor of 5500 and 428898250?
2750
What is the greatest common factor of 16 and 4803664?
16
Calculate the greatest common divisor of 20324142 and 108.
54
What is the highest common divisor of 38424142 and 16101?
1789
Calculate the greatest common factor of 101 and 13395024.
101
What is the highest common divisor of 76544 and 1976?
104
What is the greatest common divisor of 1578090 and 62976?
246
Calculate the greatest common factor of 122896392 and 9536.
1192
Calculate the greatest common divisor of 4005 and 4480.
5
What is the highest common factor of 1702 and 46028?
74
What is the greatest common factor of 855765 and 30?
15
What is the greatest common divisor of 63296376 and 78?
78
Calculate the highest common factor of 397 and 104252597.
397
What is the highest common factor of 944582 and 129728?
4054
What is the greatest common divisor of 132753264 and 134?
134
What is the highest common factor of 808 and 698617?
101
What is the highest common factor of 16169926 and 2570?
514
What is the greatest common factor of 675675 and 2093?
91
What is the highest common divisor of 945 and 1130430?
105
Calculate the highest common divisor of 16661878 and 2979.
331
What is the highest common divisor of 416679530 and 80?
10
What is the highest common divisor of 100861036 and 3272?
1636
Calculate the greatest common divisor of 229663 and 95619923.
5341
Calculate the highest common divisor of 109281 and 351795.
1497
What is the greatest common divisor of 238579467 and 21?
21
What is the highest common factor of 1998413780 and 6380?
6380
Calculate the greatest common factor of 1944 and 207810.
18
What is the highest common factor of 5952 and 176448?
192
Calculate the greatest common divisor of 246 and 27430230.
246
Calculate the greatest common divisor of 190589410 and 220.
110
Calculate the highest common factor of 286810062 and 1848.
462
Calculate the greatest common factor of 22800 and 158.
2
What is the greatest common divisor of 1464852 and 4130?
118
Calculate the highest common divisor of 112794 and 89430.
66
What is the highest common divisor of 89550649 and 9457?
193
Calculate the greatest common divisor of 2076 and 287022.
6
What is the highest common divisor of 2048901 and 3?
3
Calculate the greatest common factor of 51294 and 57062.
206
Calculate the highest common divisor of 30024 and 263683.
139
Calculate the greatest common factor of 80 and 4611952.
16
Calculate the greatest common factor of 8464 and 413264.
368
Calculate the highest common divisor of 64729 and 28.
7
What is the highest common divisor of 74980 and 7129540?
460
What is the greatest common factor of 2022 and 4347300?
2022
What is the greatest common divisor of 143178 and 42042?
294
Calculate the highest common divisor of 155685 and 985.
5
Calculate the greatest common divisor of 527716 and 25664.
1604
Calculate the highest common divisor of 161 and 108234.
7
Calculate the highest common divisor of 343976 and 114.
38
What is the greatest common divisor of 187312 and 235158?
1018
What is the highest common factor of 114741 and 32794?
19
Calculate the highest common factor of 5478759 and 493425.
1161
What is the greatest common factor of 181012 and 1346852?
3068
What is the highest common divisor of 18434 and 11370942?
1418
Calculate the highest common divisor of 7857 and 1172924.
97
What is the highest common factor of 732 and 344932064?
244
Calculate the greatest common divisor of 1095 and 1127145.
15
Calculate the highest common divisor of 918390210 and 4035.
4035
Calculate the greatest common divisor of 4866250 and 164900.
850
Calculate the greatest common factor of 1275808 and 928.
32
Calculate the highest common factor of 82059 and 33507.
51
Calculate the greatest common divisor of 3076 and 33680662.
1538
What is the highest common factor of 237746153 and 5283?
587
What is the greatest common factor of 4 and 243856?
4
What is the greatest common factor of 67943546 and 22?
22
What is the greatest common factor of 305761710 and 45?
15
What is the highest common factor of 23751872 and 4061?
131
Calculate the highest common factor of 18 and 226249374.
6
Calculate the greatest common divisor of 266 and 680808.
38
What is the greatest common divisor of 26 and 1842763?
13
Calculate the greatest common factor of 63173784 and 779.
779
Calculate the greatest common divisor of 2454535 and 37935.
1405
Calculate the highest common factor of 6 and 7401549.
3
What is the highest common factor of 1778 and 17580668?
14
What is the greatest common divisor of 16424 and 128300?
4
What is the greatest common factor of 40803 and 43761?
87
What is the greatest common factor of 64970 and 153300?
730
Calculate the highest common divisor of 1229894 and 7470.
166
What is the highest common factor of 329544179 and 27411?
9137
What is the highest common divisor of 4890072 and 1188?
132
Calculate the highest common factor of 1142415 and 6021030.
7185
Calculate the greatest common factor of 19694787 and 33.
3
What is the greatest common divisor of 845 and 5365945?
65
Calculate the highest common factor of 724196 and 178651.
1199
What is the greatest common factor of 2766636 and 2268?
324
What is the highest common factor of 1140 and 20771700?
60
Calculate the greatest common factor of 140 and 956140.
20
Calculate the greatest common divisor of 7 and 37020613.
7
What is the highest common factor of 65 and 280764965?
65
What is the greatest common divisor of 10 and 87169970?
10
Calculate the greatest common factor of 115039456 and 70.
14
Calculate the greatest common divisor of 416 and 3426420.
4
What is the greatest common factor of 2739 and 398802052?
913
Calculate the highest common factor of 680727 and 38522.
103
What is the highest common factor of 2 and 58427?
1
Calculate the highest common divisor of 676 and 840372.
52
Calculate the greatest common factor of 1075958 and 469483.
1427
What is the greatest common factor of 110667897 and 2214?
1107
Calculate the greatest common factor of 5476 and 592296.
148
What is the greatest common factor of 17786898 and 54?
54
What is the highest common divisor of 6029308 and 152?
76
What is the highest common divisor of 38998512 and 972?
36
Calculate the greatest common divisor of 126340 and 60.
20
What is the highest common divisor of 15712752 and 330?
66
What is the greatest common divisor of 3352 and 21898616?
3352
What is the highest common divisor of 17974782 and 168?
42
What is the highest common divisor of 69 and 15957239?
23
Calculate the highest common factor of 2094573 and 15603757.
16237
Calculate the greatest common factor of 5086 and 101041019.
2543
What is the highest common factor of 43555514 and 1472?
46
What is the highest common divisor of 828 and 2968434?
18
Calculate the greatest common divisor of 260836 and 3904.
244
Calculate the greatest common factor of 480 and 298485.
15
What is the greatest common divisor of 1768 and 1046044?
68
What is the highest common divisor of 5 and 81475?
5
What is the greatest common factor of 853 and 34777663?
853
Calculate the highest co